2 + 121*k - 1070. Give m(109).
238
Let t(b) = -205*b**2 + 1603*b - 2236. Give t(6).
2
Let f(d) = -15*d**3 - 33*d**2 - 31*d + 8. What is f(-4)?
564
Let y(t) = 3743*t - 3623. What is y(1)?
120
Let l(w) = 36*w - 329. Give l(-16).
-905
Let w(z) = -6859*z + 61730. What is w(9)?
-1
Let w(c) = c**3 + 93*c**2 + 440*c - 1027. Calculate w(-7).
107
Let a(t) = -t**3 + 16*t**2 + 1644*t - 33346. Calculate a(22).
-82
Let d(z) = 4601*z**2 + 1026003*z - 4463. What is d(-223)?
-3
Let q(z) = 8*z**3 - 161*z**2 + 9*z + 210. Give q(20).
-10
Let z(l) = -158*l - 6088. Calculate z(-42).
548
Let d(v) = -v**2 + 388*v - 6895. Determine d(19).
116
Let x(q) = -54808*q + 1260581. What is x(23)?
-3
Let z(w) = -2*w**3 + 261*w**2 - 139*w - 1529. Determine z(130).
-2699
Let v(c) = -c**3 + 157*c**2 - 371*c + 9478. Determine v(155).
23
Let m(y) = y**2 + 58*y - 57. Calculate m(-50).
-457
Let f(g) = 392*g**3 + 258330*g**2 + 1315*g - 1976. Determine f(-659).
1
Let l(i) = i**2 - 24*i - 6820. Calculate l(121).
4917
Let o(y) = 53*y**2 - 1581*y - 3372. Calculate o(-2).
2
Let f(m) = -9*m**3 + 192*m**2 - 66*m + 56. Give f(21).
-7
Let t(p) = 293230*p + 6157857. Determine t(-21).
27
Let a(u) = 4002*u + 272154. Determine a(-68).
18
Let q(m) = -m**3 + 33*m**2 - 524*m + 24671. Calculate q(37).
-193
Let z(k) = -k**3 + 1057*k**2 + 8521*k + 5. Give z(-8).
-3
Let l(f) = f**3 - 17*f**2 + 194*f - 6678. What is l(22)?
10
Let r(m) = -622*m**3 - 54*m**2 - 143*m - 92. What is r(-1)?
619
Let t(x) = -7*x**2 - 987*x + 2982. Give t(-144).
-42
Let n(v) = -13*v**3 + 14*v**2 + 24*v + 3. What is n(-2)?
115
Let f(a) = -9*a**2 + 336*a + 3778. Give f(-11).
-1007
Let x(z) = -201*z - 28644. Calculate x(-142).
-102
Let b(n) = -24*n**2 - 31*n - 57. Give b(-9).
-1722
Let z(j) = 7*j**3 - 56*j**2 - 273*j - 136. Determine z(-6).
-2026
Let q(g) = g**3 - 4*g**2 - 492*g + 2141. Determine q(22).
29
Let y(z) = -z**3 - 31*z**2 - 445*z - 10328. Calculate y(-28).
-220
Let f(i) = 24092*i + 96320. Calculate f(-4).
-48
Let t(w) = -2749*w + 82438. What is t(30)?
-32
Let p(j) = 1093*j - 16779. Determine p(13).
-2570
Let m(i) = 3*i**3 + 6*i**2 - 239*i + 332. What is m(10)?
1542
Let a(d) = -23*d**3 - 18*d**2 + 227*d + 837. What is a(-3)?
615
Let h(z) = -28*z**2 - 1271*z - 5667. Calculate h(-5).
-12
Let g(v) = -9827*v - 2672956. Calculate g(-272).
-12
Let b(c) = 5*c**2 - 3995*c - 15965. What is b(-4)?
95
Let k(s) = -9*s**2 - 736*s - 1879. Give k(-79).
96
Let s(t) = 99*t**2 - 5627*t + 49929. What is s(11)?
11
Let q(r) = r**3 + 197*r**2 + 1159*r + 72. Calculate q(-6).
-6
Let z(i) = 5*i**2 - 372*i + 7279. Determine z(38).
363
Let r(q) = -424*q**3 - 951*q**2 - 210*q - 3. Calculate r(-2).
5
Let u(l) = l**3 + 18*l**2 + 3247*l + 58412. What is u(-18)?
-34
Let t(z) = -4743*z - 28336. Determine t(-6).
122
Let h(y) = -y**2 - 117*y + 1433. What is h(-132)?
-547
Let o(x) = -5*x**3 + 7*x**2 + 13*x + 239. Determine o(-6).
1493
Let b(q) = -208*q - 3521. What is b(-11)?
-1233
Let f(w) = -309*w**2 + 5907*w - 695. Calculate f(19).
-11
Let i(t) = 4844*t - 358402. Give i(74).
54
Let u(k) = -49*k + 4793. What is u(79)?
922
Let i(z) = 4452*z + 44545. What is i(-10)?
25
Let n(y) = -y**3 + 184*y**2 - 153*y - 5411. Determine n(183).
79
Let c(v) = 17031*v + 1362481. Calculate c(-80).
1
Let g(j) = 8*j**3 + 28*j**2 + 30*j - 2. Give g(-5).
-452
Let c(p) = 171*p + 29991. Give c(-175).
66
Let v(p) = -p**2 - 1374*p + 30662. Give v(22).
-50
Let b(c) = -129319*c - 387962. What is b(-3)?
-5
Let a(w) = w**3 - 227*w**2 + 1525*w + 3300. Calculate a(220).
0
Let d(q) = -5*q**2 - 89*q + 67. Give d(-6).
421
Let u(k) = 4*k**2 + 9*k - 1049. Calculate u(14).
-139
Let a(w) = -w**3 - 202*w**2 - 989*w - 13. Give a(-5).
7
Let o(n) = 643*n**2 - 20*n - 11. Give o(-1).
652
Let k(a) = 12364*a - 16172117. What is k(1308)?
-5
Let b(u) = -1297*u - 36200. Calculate b(-31).
4007
Let c(g) = -g**3 - 158*g**2 - 98*g + 9255. Calculate c(-157).
-8
Let d(f) = -56*f**2 + 3*f + 35. Give d(4).
-849
Let n(t) = 619256*t - 14862157. Determine n(24).
-13
Let d(c) = 2*c**3 + 14*c**2 + 26*c + 63. Determine d(-14).
-3045
Let g(o) = -101*o + 471. Calculate g(16).
-1145
Let d(x) = 139*x**2 - 3330*x - 141. Determine d(24).
3
Let o(k) = 4*k**3 - 9*k**2 - 42*k + 128. Give o(6).
416
Let h(g) = 6962*g - 90500. What is h(13)?
6
Let j(i) = 198*i**2 - 3001*i + 2820. Give j(1).
17
Let i(l) = 2*l**3 + 92*l**2 - 14*l - 2967. Determine i(-6).
-3
Let v(a) = 14908*a - 10793382. Determine v(724).
10
Let c(s) = 2*s**2 + 18939*s + 113594. Give c(-6).
32
Let x(z) = -2*z**3 + 98*z**2 - 49*z - 102. Determine x(49).
-2503
Let j(r) = -r**3 + 79*r**2 + 2701*r + 3067. What is j(105)?
22
Let r(t) = 39*t**2 + 2149*t + 4316. What is r(-53)?
-30
Let j(b) = 14*b**3 - 22*b**2 + 2*b - 38. Determine j(4).
514
Let m(j) = 995*j - 10240. Give m(9).
-1285
Let x(i) = 28944*i - 115419. What is x(4)?
357
Let l(k) = -5139*k - 48. Give l(0).
-48
Let r(f) = -2*f**2 + 775*f + 10172. Determine r(-13).
-241
Let b(q) = 2*q**2 - 27*q - 478. Determine b(-8).
-134
Let i(g) = 3*g**3 - 1411*g**2 + 476*g - 2832. Calculate i(470).
-12
Let g(a) = -a**3 - 904*a**2 + 25135*a - 1847. Determine g(-931).
15
Let j(n) = -157*n + 7934. Give j(44).
1026
Let f(b) = -b**3 - 143*b**2 - 1814*b - 114. Calculate f(-14).
-2
Let f(h) = -166*h**2 - 1819*h + 44. Give f(-11).
-33
Let q(f) = -6231*f + 2155947. Calculate q(346).
21
Let k(j) = -3*j**2 - 644*j - 2259. Calculate k(-208).
1901
Let w(h) = h**2 - 1977*h + 85036. Determine w(44).
-16
Let b(v) = 11*v**3 - 1971*v**2 + 364*v - 1081. What is b(179)?
-7
Let y(c) = -5*c**2 + 129*c + 1483. Calculate y(-9).
-83
Let g(l) = 5980*l + 18065. What is g(-3)?
125
Let l(x) = 42*x**3 - 601*x**2 + 61*x + 129. Give l(14).
-1565
Let g(h) = 2*h**3 - 303*h**2 - 454*h - 615. Calculate g(153).
150
Let y(s) = -937*s - 59924. Give y(-64).
44
Let f(y) = y**3 - 60*y**2 - 219*y - 129. What is f(-3)?
-39
Let c(f) = -f**3 + 847*f**2 - 14114*f + 3321. What is c(830)?
1
Let k(x) = -11841*x + 82973. Determine k(7).
86
Let x(d) = -25842*d - 25774. Give x(-1).
68
Let z(g) = 2*g**3 - 84*g**2 - 1769*g + 3331. Determine z(57).
-32
Let o(j) = j**3 - 155*j**2 + 62*j - 33926. Give o(156).
82
Let q(s) = -33*s**2 - 44*s + 80. Determine q(2).
-140
Let g(t) = 2*t**3 + t**2 + 894*t - 3628. What is g(4)?
92
Let x(m) = -2*m**3 - 298*m**2 - 324*m - 4378. Calculate x(-148).
-234
Let d(j) = -7741*j - 4288484. Calculate d(-554).
30
Let i(k) = k**2 - 138*k - 10353. Give i(-54).
15
Let r(k) = 28*k**2 + 9893*k + 79198. Calculate r(-8).
1846
Let o(p) = p**2 - 995*p + 24189. Determine o(25).
-61
Let q(g) = -121*g + 807. Calculate q(23).
-1976
Let m(l) = -l**3 - 443*l**2 - 36603*l + 2996. What is m(-110)?
26
Let d(x) = 26*x**2 - 4517*x + 22554. What is d(5)?
619
Let v(q) = q**2 + 342*q - 14997. What is v(39)?
-138
Let i(v) = 24*v**3 + 13*v**2 + 567*v - 1751. What is i(3)?
715
Let y(c) = -c**2 + 298*c + 2121. Calculate y(305).
-14
Let u(t) = -3*t**3 - 19*t**2 - 26*t + 124. Give u(-5).
154
Let u(h) = -199637*h - 798595. Calculate u(-4).
-47
Let a(y) = 19457*y - 1050723. Determine a(54).
-45
Let p(n) = -2*n**3 + 75*n**2 + 112*n + 181. Determine p(39).
-14
Let s(r) = 35*r - 1840. Calculate s(33).
-685
Let h(q) = 18102*q - 1267144. What is h(70)?
-4
Let w(i) = -3*i**3 - 509*i**2 - 18856*i + 469. What is w(-115)?
9
Let n(h) = -2*h**3 - 72*h**2 - 546*h + 350. Calculate n(-23).
-846
Let c(b) = -8254*b + 4341604. Give c(526).
0
Let l(v) = v**3 - 2945*v**2 + 17635*v + 8. Give l(6).
14
Let l(m) = -21*m**2 + 8058*m - 21725. Calculate l(381).
-8
Let r(j) = 2*j**3 + 28*j**2 - 529*j - 6915. Calculate r(-12).
9
Let w(b) = -2*b**3 + 78*b**2 + 263*b - 185. Give w(42).
277
Let l(n) = 115026*n - 7936829. Calculate l(69).
-35
Let n(p) = -2054*p + 51370. Give n(25).
20
Let x(b) = b**2 - 41*b - 365. Determine x(-12).
271
Let j(w) = 3157*w + 227198. Calculate j(-72).
-106
Let i(z) = -806*z + 2502. Determine i(4).
-722
Let h(w) = -10*w**2 - 286*w + 34. Calculate h(-29).
-82
Let y(v) = -v**3 - 38*v**2 + 3630*v + 135648. Give y(-37).
-31
Let x(o) = -53227*o + 3566208. Give x(67).
-1
Let d(z) = 39*z + 4607. Calculate d(-85).
1292
Let l(b) = b**2 - 165*b + 6242. Determine l(105).
-58
Let c(v) = 43645*v - 87355. What is c(2)?
-65
Let g(w) = -w**3 - 12*w**2 + 212*w + 58. What is g(9)?
265
Let d(b) = 3*b**2 + 1